 + 81 = -h - 38. List the prime factors of k.
2, 3
Suppose -g - 667 = -5*s, 2*s - g = 6*s - 530. What are the prime factors of s?
7, 19
Suppose -10 = 5*w, -4*n + 1534 = -3*w + 2*w. List the prime factors of n.
383
Suppose y = -0 + 3. Suppose -3*b - y*f + 21 = 0, 7*f - 2*f = 20. Suppose -3*j + b*w + 15 = -0*j, 5*w + 16 = 2*j. List the prime factors of j.
3
Let z be (-39)/9 - 4/6. Let k = -5 - z. Suppose o - 5*o + 40 = -2*n, k = 5*n. What are the prime factors of o?
2, 5
List the prime factors of (-1 - -29) + (-9 - -6).
5
Suppose 3*i + 6*v = 4*v + 15, -21 = -2*i - 5*v. Let l(s) = -s**3 + 3*s**2 + 2*s - 3. What are the prime factors of l(i)?
3
Suppose -3*d - 88 + 268 = 0. Let l be (d/16)/(2/(-32)). What are the prime factors of l/(-14) - (-8)/(-28)?
2
Suppose 0 = 5*m - 85 - 160. What are the prime factors of m?
7
Let o = 83 + -40. List the prime factors of o.
43
Let h = -86 - -121. What are the prime factors of h?
5, 7
Let f be (-26)/4 + (-3)/(-6). What are the prime factors of f/33 + 420/11?
2, 19
Let j = 8 + -5. Suppose 0 = -j*r - i - 21 + 87, 4*r + 3*i - 93 = 0. Suppose -2*d = -t + 2*t - r, -2*t = 6. List the prime factors of d.
2, 3
Let d = -6 + 19. Let s(v) = v + 8. List the prime factors of s(d).
3, 7
Suppose 0 = -s - 3*s - 32. List the prime factors of 3 + ((-6)/3 - s).
3
Let o(k) = -4*k**3 + k**2 - 5*k - 2. Let s be o(-3). Suppose 5*i + 33 = -4*z + s, 2*z - 44 = 2*i. Suppose -17 - z = -5*v. What are the prime factors of v?
2
Let k(s) = 13*s**2 + 40*s - 5. Let n(m) = 4*m**2 + 13*m - 2. Let h(u) = -2*k(u) + 7*n(u). List the prime factors of h(-8).
2, 3
Suppose -s - s - 72 = 0. Let a = s + 52. List the prime factors of a.
2
Suppose u = -u + 82. Let t = u - 20. List the prime factors of t.
3, 7
Suppose i = -6*o + 4*o + 30, -o + 134 = 4*i. List the prime factors of i.
2, 17
Suppose -4*x = 5*p - 175, 165 = 5*p + 2*x - 0. List the prime factors of p.
31
Suppose -i + 22 - 3 = 0. What are the prime factors of i?
19
Let y(n) = n**3 - n + 2. Let o be y(0). Suppose 3*u - 5*q = 54, -2*q - 2 = -o*u + 38. List the prime factors of u.
23
Suppose 0 = -l - 4*u + 2*u + 9, 0 = 2*l + 3*u - 15. Suppose 2*o - l*o = -2. Suppose o + 2 = 2*j. List the prime factors of j.
2
Suppose -5*v = 4*c - 33, -3*v = 3*c - 16 - 5. Let i(m) = m + 1. List the prime factors of i(v).
2, 3
Let z be -1 + -11*(-3 - -2). Suppose -z - 60 = -5*q. What are the prime factors of q?
2, 7
Let v(j) be the second derivative of j**5/20 - 5*j**4/12 - 2*j**3/3 - 4*j**2 + 14*j. Let g = 6 + 0. What are the prime factors of v(g)?
2
Let x(l) = l**3 + 6*l**2 - l. What are the prime factors of x(-5)?
2, 3, 5
Let a(v) = v**2 - v - 7. Suppose -20 = -z - 3*z. What are the prime factors of a(z)?
13
Suppose 0 = 5*u + s - 188, -5*s + s + 30 = u. What are the prime factors of u?
2, 19
Suppose 0 = -4*h - 5*t + 25, 0 = -4*h + 3*t - 7*t + 24. Suppose 0 = 5*y + h, -3*y + 4 = -2*p + 27. What are the prime factors of 6/p + (-72)/(-5)?
3, 5
Let w(y) = 45*y**2 - y + 1. What are the prime factors of w(1)?
3, 5
Suppose 2*y = -y + 3*x + 105, -2*y + 67 = -5*x. Suppose -w - w = -y. What are the prime factors of w?
2, 3
Suppose 0 = y - 3*y - 10. Let s = y + 4. List the prime factors of 2*(1 - (0 + s)).
2
List the prime factors of 124/2 - (-15 + 11).
2, 3, 11
Suppose 25 = 5*k + 240. Let l = 77 + k. List the prime factors of l.
2, 17
Let t(n) = -9*n + 3. Let r(d) = d**2 - 4*d. Let h be r(3). List the prime factors of t(h).
2, 3, 5
Let u = -173 - -323. What are the prime factors of u?
2, 3, 5
Let v(c) = -13*c + 14. List the prime factors of v(-16).
2, 3, 37
Suppose 0 = -3*v + v - 3*y + 5, 4*y = -4*v + 4. What are the prime factors of (-3)/(-9)*3 - v?
3
List the prime factors of (-345)/(-18) - 6/36.
19
Let r be 4/18 - 1448/36. Let u = 23 + r. Let c = u - -24. List the prime factors of c.
7
Let r(j) = -2*j + 1 - 1 - 5*j - j**2. List the prime factors of r(-6).
2, 3
Let w be 2/((-4)/2)*0. Suppose 3*s + 2*s + 10 = w. Let k = 6 + s. List the prime factors of k.
2
Suppose 0 = -0*q + 2*q + k - 1, -2 = -q + k. Let g be 5*(q - (-27)/(-15)). What are the prime factors of ((-39)/(-6))/((-2)/g)?
13
Let g = 36 + -9. Suppose 4*j + 108 = 4*m, -g = 4*m + 4*j - 127. What are the prime factors of m?
2, 13
Let i(d) = d**2 - 5*d - 8. Let g be i(7). Suppose -g*b = -b - 35. Suppose 0 = h - 0*h - b. List the prime factors of h.
7
Let g = 1 - -10. List the prime factors of g.
11
Suppose -5*p - 29 = q, -3 = -3*q + 4*p - 14. Let a be (1*-3)/(q/21). Suppose 60 = a*o - 2*o. What are the prime factors of o?
2, 3
Suppose 2*w - 5*n = -24, 4*w = n + 2*n - 20. List the prime factors of ((-91)/(-21))/(w/(-6)).
13
Let m(k) = -4*k - 7. What are the prime factors of m(-10)?
3, 11
Let v = 17 - 6. Let w(g) = g - 12. Let k be w(v). What are the prime factors of (8/(-2) - k)*-4?
2, 3
Let i(f) = f**3 - 6*f**2 - 2*f + 5. Let u be (-3)/(-6)*2 - -6. Let s be i(u). Suppose -5*g + 0*d + s = -4*d, -5*g + 80 = 4*d. List the prime factors of g.
2, 3
Suppose 0 = 7*w - 331 + 44. List the prime factors of w.
41
Let b be 2 - 1/((-3)/543). Suppose 4 = -4*m, -5*j + m + 2*m = -b. What are the prime factors of j?
2, 3
Let s be -12*3/21*-7. Let a = s + -10. Let u(w) = 3*w**3 - 2*w**2 + 4*w - 3. What are the prime factors of u(a)?
3, 7
Suppose -2*u + 127 = -u. What are the prime factors of u?
127
Suppose 3*l = -l - 4*f + 20, 3*f = 4*l + 15. Let u be l*(-3)/(-3) + 2. Let w(z) = 2*z**2 - z. What are the prime factors of w(u)?
2, 3
Let i(r) be the first derivative of 3*r + 2 - 1/2*r**2. List the prime factors of i(-3).
2, 3
Suppose -35 = -2*a - 5. Suppose 7 = -2*l + 5*d, -4*l + 14 = -6*l - 2*d. Let i = l + a. What are the prime factors of i?
3
Let p = 145 + -122. List the prime factors of p.
23
Suppose 0 = 2*n + n - 9. What are the prime factors of n?
3
What are the prime factors of (5 + 75/(-35))/((-4)/(-14))?
2, 5
Let a be (-2)/(-3) + 20/6. Suppose 7*j - 2*n - 12 = 3*j, j + 5*n - 14 = 0. Suppose 0*b + b = -5*c + 6, a*b + 24 = j*c. List the prime factors of c.
2
Let i = -4 + 4. What are the prime factors of (-34)/(0 + -2) + i?
17
Suppose 0 = 3*m - k - 0 - 9, 3*m = 3*k + 3. List the prime factors of m.
2
Suppose -4 = -2*x + 26. Let t(g) = -g + 12. Let h be t(16). Let s = h + x. What are the prime factors of s?
11
List the prime factors of ((-88)/14)/((-6)/21).
2, 11
Let a(g) = g**2 + 5*g + 7. Let o be 36/(-6) + -2*1. What are the prime factors of a(o)?
31
Suppose 6*x = 2*x - 5*p + 101, 5 = p. Let a(k) = -k. Let m be a(-3). Suppose -3*h = 5*g - 2*h - 19, -x = -4*g + m*h. What are the prime factors of g?
2
Let r be (-1 - (-3)/3) + 36. Let j = r + -4. List the prime factors of j.
2
Let x = 13 + -17. Let a(p) = p**3 + 5*p**2 - 5*p - 3. What are the prime factors of a(x)?
3, 11
Let a(l) = -l**2 - 18*l. List the prime factors of a(-12).
2, 3
Let c = 4 + -4. Suppose -t + 3*t - 4 = c. Suppose -2*z - h - t*h + 33 = 0, -4*z + 26 = -2*h. What are the prime factors of z?
3
Let x = -32 - -62. List the prime factors of x.
2, 3, 5
Let r(c) be the third derivative of c**5/120 + 5*c**4/24 - c**3/6 + 2*c**2. Let t(k) be the first derivative of r(k). List the prime factors of t(0).
5
Suppose -4*o = -324 - 180. List the prime factors of o.
2, 3, 7
Let p = 222 - 154. Let i = p + -47. List the prime factors of i.
3, 7
Suppose 0 = -5*v + 35 - 5. What are the prime factors of v?
2, 3
Suppose -2*t = 5 + 1. List the prime factors of 4/t*(-1 + -8).
2, 3
Let q(w) = -w**3 - 5*w**2 - 4*w - 3. Let s be q(-4). List the prime factors of s/(((-3)/19)/1).
19
Suppose 2*l = -4*j + 5*l, 2*l = -3*j. Let f be 75 - (j - 3/1). Suppose 0 = 3*s - 3, -5*a + s = 4*s - f. List the prime factors of a.
3, 5
Suppose 0 = -11*g + 6*g + 215. What are the prime factors of g?
43
Suppose -4*r + 48 = 2*s, -2*s = -4*s + r + 63. What are the prime factors of s?
2, 3, 5
Suppose -963 = -6*k + 909. What are the prime factors of k?
2, 3, 13
Suppose 0 = -5*z - 69 - 11. Let m = z - -45. What are the prime factors of m?
29
What are the prime factors of (352/4)/((-2)/4 - -1)?
2, 11
Let p(t) = 2*t**3 - 4*t + 15. List the prime factors of p(4).
127
Let r = -1 + 1. Suppose -3*g + 4*g = r. Suppose g = -0*y + 5*y - 75. What are the prime factors of y?
3, 5
Suppose 5*p + 4*w - 525 = 0, 3*p + 2 = 2*w + 339. List the prime factors of p.
109
Suppose 11 = r 